 17182626.
2, 3, 2863771
What are the prime factors of 553895?
5, 47, 2357
List the prime factors of 15483082.
2, 7741541
What are the prime factors of 320529?
3, 11, 883
List the prime factors of 1501689.
3, 7, 43, 1663
What are the prime factors of 1095056?
2, 89, 769
What are the prime factors of 325903?
31, 10513
What are the prime factors of 65725?
5, 11, 239
List the prime factors of 325238.
2, 137, 1187
List the prime factors of 1513686.
2, 3, 43, 5867
What are the prime factors of 498396?
2, 3, 41, 1013
List the prime factors of 34295.
5, 19
List the prime factors of 84098.
2, 7, 6007
What are the prime factors of 1013760?
2, 3, 5, 11
What are the prime factors of 10144922?
2, 743, 6827
List the prime factors of 700637.
7, 101, 991
What are the prime factors of 307773?
3, 11399
List the prime factors of 9170006.
2, 37, 83, 1493
What are the prime factors of 1695742?
2, 847871
List the prime factors of 252357.
3, 7, 61, 197
What are the prime factors of 3720854?
2, 1860427
List the prime factors of 108655.
5, 31, 701
List the prime factors of 1256104.
2, 157013
What are the prime factors of 6055667?
6055667
What are the prime factors of 3291887?
709, 4643
What are the prime factors of 4655590?
2, 5, 89, 5231
What are the prime factors of 1254502?
2, 627251
What are the prime factors of 1769489?
19, 93131
List the prime factors of 339930.
2, 3, 5, 1259
What are the prime factors of 3085727?
3085727
What are the prime factors of 643422?
2, 3, 13, 73, 113
What are the prime factors of 7707186?
2, 3, 428177
What are the prime factors of 806315?
5, 161263
What are the prime factors of 38484?
2, 3, 1069
What are the prime factors of 14170675?
5, 19, 29833
What are the prime factors of 23039564?
2, 137, 42043
What are the prime factors of 198230?
2, 5, 43, 461
What are the prime factors of 554636?
2, 313, 443
What are the prime factors of 3202240?
2, 5, 10007
List the prime factors of 2180156.
2, 11, 49549
List the prime factors of 14586573.
3, 379, 12829
List the prime factors of 5268922.
2, 2634461
List the prime factors of 970312.
2, 7, 17327
List the prime factors of 11529202.
2, 103, 55967
What are the prime factors of 153267?
3, 47, 1087
What are the prime factors of 2945938?
2, 197, 7477
What are the prime factors of 2835772?
2, 708943
What are the prime factors of 134278?
2, 67139
List the prime factors of 245046.
2, 3, 40841
List the prime factors of 1911146.
2, 191, 5003
What are the prime factors of 551362?
2, 7, 39383
List the prime factors of 25695.
3, 5, 571
List the prime factors of 143915.
5, 107, 269
List the prime factors of 7770634.
2, 1459, 2663
List the prime factors of 13457.
13457
What are the prime factors of 298468?
2, 29, 31, 83
List the prime factors of 238855.
5, 23, 31, 67
What are the prime factors of 566364?
2, 3, 109, 433
List the prime factors of 171144.
2, 3, 2377
What are the prime factors of 1075918?
2, 61, 8819
List the prime factors of 734965.
5, 7, 11, 23, 83
List the prime factors of 265384.
2, 7, 677
List the prime factors of 1735923.
3, 7, 241
What are the prime factors of 4851293?
47, 233, 443
What are the prime factors of 37660?
2, 5, 7, 269
List the prime factors of 15355702.
2, 109, 70439
List the prime factors of 599537.
599537
What are the prime factors of 288295?
5, 7, 8237
What are the prime factors of 34495160?
2, 5, 7, 349, 353
What are the prime factors of 2837372?
2, 23, 30841
List the prime factors of 23994978.
2, 3, 7, 67, 8527
What are the prime factors of 212168?
2, 11, 2411
List the prime factors of 90854.
2, 45427
What are the prime factors of 5001687?
3, 555743
List the prime factors of 6724703.
983, 6841
List the prime factors of 19596268.
2, 4899067
What are the prime factors of 444075?
3, 5, 31, 191
What are the prime factors of 69480?
2, 3, 5, 193
What are the prime factors of 1088530?
2, 5, 199, 547
What are the prime factors of 166512?
2, 3, 3469
What are the prime factors of 28651364?
2, 7, 1023263
List the prime factors of 7083244.
2, 7, 71, 509
What are the prime factors of 1417949?
13, 109073
What are the prime factors of 102260?
2, 5, 5113
List the prime factors of 6032134.
2, 3016067
List the prime factors of 3603141.
3, 19, 1109
List the prime factors of 14254245.
3, 5, 17, 6211
What are the prime factors of 3437710?
2, 5, 343771
What are the prime factors of 168826?
2, 7, 31, 389
What are the prime factors of 315962?
2, 17, 9293
List the prime factors of 288205.
5, 57641
List the prime factors of 188486.
2, 73, 1291
List the prime factors of 93522.
2, 3, 11, 13, 109
What are the prime factors of 126444?
2, 3, 41, 257
What are the prime factors of 375502?
2, 187751
What are the prime factors of 1831214?
2, 7, 11, 23, 47
What are the prime factors of 276368?
2, 23, 751
What are the prime factors of 27484267?
43, 639169
What are the prime factors of 1015895?
5, 199, 1021
What are the prime factors of 264326?
2, 149, 887
What are the prime factors of 1414136?
2, 47, 3761
What are the prime factors of 7007731?
67, 104593
List the prime factors of 347967.
3, 23, 41
List the prime factors of 9293218.
2, 11, 641, 659
List the prime factors of 92676.
2, 3, 7723
List the prime factors of 224267.
224267
What are the prime factors of 872243?
872243
What are the prime factors of 101580?
2, 3, 5, 1693
List the prime factors of 848106.
2, 3, 7, 53, 127
List the prime factors of 117992.
2, 7, 43
What are the prime factors of 191397?
3, 63799
What are the prime factors of 19395334?
2, 7, 17, 227, 359
List the prime factors of 14894202.
2, 3, 23, 37, 2917
What are the prime factors of 8718225?
3, 5, 116243
What are the prime factors of 803207?
803207
List the prime factors of 367620.
2, 3, 5, 11, 557
What are the prime factors of 336662?
2, 168331
List the prime factors of 1591159.
1591159
What are the prime factors of 15329219?
19, 806801
List the prime factors of 821457.
3, 7, 13, 17, 59
What are the prime factors of 1884034?
2, 942017
What are the prime factors of 1126006?
2, 7, 80429
List the prime factors of 1892404.
2, 473101
List the prime factors of 6290839.
6290839
What are the prime factors of 22573581?
3, 43, 174989
List the prime factors of 12757.
12757
What are the prime factors of 686316?
2, 3, 57193
What are the prime factors of 510414?
2, 3, 97, 877
What are the prime factors of 562373?
7, 23, 499
What are the prime factors of 15920720?
2, 5, 127, 1567
What are the prime factors of 616519?
616519
List the prime factors of 1003548.
2, 3, 7, 13, 919
List the prime factors of 336526.
2, 168263
What are the prime factors of 9253752?
2, 3, 385573
List the prime factors of 311873.
37, 8429
List the prime factors of 198439.
198439
What are the prime factors of 249441?
3, 17, 67, 73
List the prime factors of 163254.
2, 3, 7, 13, 23
What are the prime factors of 241253?
241253
List the prime factors of 452652.
2, 3, 67, 563
List the prime factors of 266445.
3, 5, 31, 191
List the prime factors of 1515877.
11, 19, 7253
What are the prime factors of 2064489?
3, 7, 37, 2657
List the prime factors of 3002204.
2, 281, 2671
List the prime factors of 775516.
2, 7, 27697
What are the prime factors of 3727036?
2, 397, 2347
What are the prime factors of 1078519?
13, 82963
List the prime factors of 270172.
2, 7, 9649
List the prime factors of 41803127.
41803127
List the prime factors of 21030840.
2, 3, 5, 6491
What are the prime factors of 693155?
5, 157, 883
List the prime factors of 58810.
2, 5, 5881
List the prime factors of 178656.
2, 3, 1861
What are the prime factors of 2898463?
29, 89, 1123
List the prime factors of 2832840.
2, 3, 5, 43, 61
What are the prime factors of 412054?
2, 206027
What are the prime factors of 521233?
41, 12713
What are the prime factors of 2226502?
2, 139, 8009
List the prime factors of 297471.
3, 229, 433
List the prime factors of 59912.
2, 7489
What are the prime factors of 5881910?
2, 5, 588191
What are the prime factors of 2870165?
5, 574033
List the prime factors of 89311.
31, 43, 67
What are the prime factors of 3508557?
3, 13, 89963
What are the prime factors of 910371?
3, 7, 11, 563
What are the prime factors of 226168?
2, 17, 1663
What are the prime factors of 31735040?
2, 5, 24793
What are the prime factors of 19992380?
2, 5, 157, 6367
List the 